22 + v. What is the units digit of h?
9
What is the units digit of 2*(3 - (-6 + -71))?
0
Suppose 18*p - 188 = 4114. What is the hundreds digit of p?
2
Suppose 14*r = 15*r - 4. Suppose 0 = u - i - 118, -r*u = i - 253 - 214. What is the hundreds digit of u?
1
What is the units digit of 0 + 2069 + 3 - -1?
3
Let k(s) = 0*s**2 + 47 - s**2 - s**2 + 2*s + 2*s. Let z(b) = -b**2 + 2*b + 24. Let q(w) = 3*k(w) - 5*z(w). What is the units digit of q(0)?
1
Let k = 549 - -1202. What is the tens digit of k?
5
Suppose 0 = -14*p - 2*p + 80. Let u = -48 - -25. Let t = p - u. What is the tens digit of t?
2
Let u = -5 - -45. What is the units digit of 497/4 - 10/u?
4
Suppose -2*t + 102 = -28. Suppose p = 47 + t. What is the units digit of p?
2
Let o(a) = -4 - 5 - 5*a - 3. Let k be (0 + -4)/(2 + 18/(-12)). What is the units digit of o(k)?
8
Let n = -98 - -103. Suppose s = -n*o + 254, -4*s - 3*o = -0*o - 1016. What is the units digit of s?
4
Suppose 4*w = 2*c - 0*w + 8, 3*w + 3 = 3*c. What is the tens digit of (29 - -1)/(c/8)?
4
Let c(f) = 307*f**3 - 6*f**2 + 13*f - 16. What is the tens digit of c(2)?
4
Suppose -p + 497 = 2*r, -2004 = p - 5*p - 4*r. What is the tens digit of p?
0
Let t be (4/(-14))/(2/(-14)). Suppose -t*u + 1 = -5*c + 11, 0 = 5*u - 5*c + 10. Suppose w + u = 23. What is the units digit of w?
3
Suppose 0 = u + h + 4*h - 7, -u - 2 = -4*h. Let t be 38/3 + (-2)/3. Suppose -5*m + u*m + t = 0. What is the units digit of m?
4
Let y be 2/(-8) - (-2370)/40. Let m = -46 + y. What is the tens digit of m?
1
Suppose -x + 2*x + 2360 = 5*k, 4*x - 2360 = -5*k. What is the tens digit of k?
7
Let h(b) be the third derivative of b**6/120 - b**5/15 - 5*b**4/24 + 11*b**3/3 + 17*b**2. What is the tens digit of h(6)?
6
Let x = 1 + 4. Let z(g) = g + 8. Let i be z(-6). Suppose 0 = -x*v, -5*w = 7*v - i*v - 105. What is the units digit of w?
1
Let h = 2 + 4. Let w(x) = 2*x**2 + 3*x + 17. What is the hundreds digit of w(h)?
1
Suppose -73*h - 288 = -79*h. Suppose -2*y + 153 = -p, 0 = -3*y - p + 169 + h. What is the tens digit of y?
7
Suppose 828 = 4*p + 2*p. Let i = -58 + p. What is the units digit of i?
0
Suppose 4*d = -3*t + 7824, -3*t + 46*d = 47*d - 7824. What is the tens digit of t?
0
Let p be 230 + (-2 - (-6 - -2)). Suppose 2*r - 13*r + 33 = 0. Suppose -4*i = g - p, -r*g + 36 = i - 22. What is the units digit of i?
8
What is the thousands digit of (11394/30)/(9/45)?
1
Let h be (0 + 10)*6/4. Suppose -h = -3*b - 0*b. Suppose 0 = -b*v - 5 + 15. What is the units digit of v?
2
What is the hundreds digit of (-783 + -44)/((3/4)/(-3))?
3
Let d(k) = -10*k**3 - k**2 - 8*k - 53. What is the units digit of d(-7)?
4
Suppose -6943 - 18177 = -32*a. What is the tens digit of a?
8
Let n(g) = -4*g**2 - 6*g - 29. Let q(k) = k**2 - k + 1. Let d(z) = n(z) + 5*q(z). What is the units digit of d(13)?
2
Let n be 2/(-11) - (237/(-33) - 3). What is the units digit of (n + -3)/(((-15)/(-155))/3)?
7
Let c = 8 - 6. Suppose 2*w + c = 3*w. What is the units digit of w?
2
Suppose 0 = -2*j - 3*j + 620. Suppose 3*l = 2*o - j, 7*o - 2*o = -3*l + 310. What is the tens digit of o?
6
Suppose 0 = 4*s - 6*s + 2*t + 1052, 0 = -t - 1. What is the units digit of s?
5
Let c = 0 + 2. Let d be -2 + (3 - (1 - c)). Suppose 0 = d*v - 78 - 30. What is the tens digit of v?
5
Let m(r) = -r**3 + 5*r**2 + 5*r + 8. Let f be m(6). Suppose 4*k + 21 = v, -v + 7 + 0 = 3*k. Suppose -c + v = -f. What is the units digit of c?
5
Suppose 5*b = -4*h - 298, -74 = b - 4*h - 0*h. Let x = -48 - b. What is the units digit of x?
4
Let c(t) = 5*t**3 + t**2 + 10*t - 19. Let j be c(5). Suppose 5*i = -2*w + j, 0 = 3*i - 2*i + 2*w - 141. What is the units digit of i?
5
Suppose -9*o + 10*o = 91. What is the units digit of ((-49)/2)/(3 - o/28)?
8
Let d(n) = -4*n - 4. Let c be (-1)/(-2)*(-5 - 7). What is the tens digit of d(c)?
2
Let q = 16 - 42. Let y = -30 - q. What is the units digit of -4 - -8*(y + 10)?
4
Let s = -119 - -561. What is the units digit of s?
2
Suppose -3*r - s + 650 - 241 = 0, -3*s - 405 = -3*r. Let y = r - 53. Let c = y - 57. What is the tens digit of c?
2
Suppose -2*f = 3*f + 5, -3*z - 25 = -2*f. Let h be 5 - (z/(-3) - 1). Suppose 77 = 3*l - 0*x + x, 5*l = h*x + 105. What is the units digit of l?
4
Let q(k) = -3*k - 2. Suppose -2*m - w + 8 = -3*w, -5*m + 18 = -3*w. Suppose -2*y - 17 + m = 0. What is the units digit of q(y)?
9
Let r(g) = -8*g**3 - 2*g**2 + 1. Let s be r(-1). Let k = 7 - s. Suppose 5*j + u - 172 = k, 6*j - 137 = 2*j - u. What is the units digit of j?
5
Suppose 164*h - 154*h = 19340. What is the tens digit of h?
3
Suppose -3*u + 3*j + 308 = 50, 4*u = j + 350. Let d = 158 - u. What is the tens digit of d?
7
Suppose -d + 30 = 5*d. Suppose d = -5*z, 0*z - 2*z - 566 = -4*p. What is the tens digit of p?
4
Suppose a = -2*m + 31, -4*m = a - 3*a - 58. Suppose -5*n + m = -c, 0*c = -5*c. What is the units digit of (-408)/(-18) + n/9?
3
Suppose -t - 26 = -264. Let p = t + -102. What is the units digit of p?
6
Let p(v) = -2*v - 3. Suppose 0 = -0*z + z + 5*d + 23, z = -2*d - 14. What is the units digit of p(z)?
3
Let v be 3/(53/(-28) - -2). Suppose -3*g = -83 - v. What is the tens digit of (g - 5) + 3/(-1)?
2
Suppose 44*c = 47*c - 7656. What is the hundreds digit of c?
5
Suppose 3*x - 59 = 4*k, -2*x - 48 = 5*k - 118. Let a be (3 - x/10)*8. Suppose -5*h + 5*b = -25, 4*b + 4 = -a. What is the units digit of h?
3
Let y be ((-84)/4 + -4)*-1. Let q be 260/y - 4/10. Suppose 0 = 15*g - q*g - 35. What is the units digit of g?
7
Suppose 0 = -2*u, -18*k = -14*k + 2*u - 916. What is the hundreds digit of k?
2
Let n be ((-194)/(-18) - 1) + (-42)/(-189). Let z(y) = -y + 51. What is the tens digit of z(n)?
4
Let s(l) = -5*l - 17. Let q be s(-9). Let j = 72 - q. What is the units digit of j?
4
Let k = -1885 + 2261. What is the tens digit of k?
7
Let u(s) = -8*s**2 + 3*s + 4. Let l(p) = -p + 13. Let b be l(16). Let k be u(b). Let w = 113 + k. What is the units digit of w?
6
Suppose 4*v = -2*a - 14, 3*a = -5*v - 17 + 2. What is the tens digit of -115*(-12)/18*v/(-4)?
1
Let c = 46 + -25. Suppose 4*j + 1 - 9 = 0. Suppose -c - 53 = -j*p. What is the units digit of p?
7
Let d = -27 - -21. What is the units digit of 39 + d/(-4)*2?
2
Suppose -5*r + 3*y + 2244 = 0, 3*r - 5*r - 5*y = -879. What is the hundreds digit of r?
4
Let n(x) = x**2 - 6*x - 7. Let j be n(7). Suppose j = -2*q - 2, 0*i - q + 114 = 5*i. What is the units digit of i?
3
Let t be (-29 - -2)*(-112)/(-21). Let x = t - -218. What is the tens digit of x?
7
Suppose 92 = 3*s - s - 2*f, 2*f + 230 = 5*s. Let b = -30 + 46. Suppose -5*w - b + s = 0. What is the units digit of w?
6
Let g = 347 + -38. What is the hundreds digit of g?
3
Suppose a - 4*o - 16 = 0, o = -4*a + 10 + 3. Suppose -f - 3*k - 26 = -3, f = -a*k - 20. Let c = 2 - f. What is the tens digit of c?
3
Suppose 0 = -4*c - 20, -5*c + 63 = 2*l + 2*l. What is the units digit of l + -17 + (-2)/(-2)?
6
Let x(o) = -6*o - 15. Let k be x(-3). What is the units digit of ((-6)/5)/(k/(-315))?
6
Let b = 49 - 49. Suppose p - 4*w - 2 - 14 = b, 4*p - 2*w - 22 = 0. What is the units digit of p?
4
Suppose 2*r + 4*n + 8 = 3*r, 5*r - 21 = n. Suppose -4*g - r*d + 16 = 0, -3*g + 67 = -3*d + 25. Let f = -5 + g. What is the units digit of f?
4
Suppose 3*z = x - 314, -2*x = 9*z - 11*z - 608. What is the tens digit of x?
9
Suppose t - 6 = -2*b + 2, -2*t - 29 = -5*b. Let q be 28/t + (12 - 9). What is the units digit of q/((-33)/144) + 3?
1
Let g = 124 - -10. Suppose 222 = 4*t - g. What is the units digit of t?
9
Suppose -2*w = 5*w - 21. Suppose x = -3*s - 7, 7*s - 3*s = -w*x - 6. What is the units digit of x?
2
Let i(p) = 15*p**2 - 3*p - 3. Let n be i(-4). Let m = n - 77. Suppose 2*w + m = 6*w. What is the units digit of w?
3
Let r = -1491 + 2513. What is the hundreds digit of r?
0
Let m = -3 + 7. Let y(x) = -x**3 + x. Let a(l) = -l**3 - 3*l**2 + 4*l + 1. Let i(n) = a(n) - 2*y(n). What is the tens digit of i(m)?
2
Let c(b) = b**2 - 69*b - 213. What is the units digit of c(-30)?
7
Let r be -7*((-44)/(-28) - 2). Suppose 6 = -r*z, z + 152 = h + 2*h. What is the tens digit of h?
5
What is the hundreds digit of ((504/5)/12)/(4/110)?
2
Suppose 1066 = 6*h - 32366. What is the units digit of h?
2
What is the thousands digit of 4546 + (-5 + -2)*(-3 - -4)?
4
Supp